{"id":1447,"date":"2026-01-21T03:42:06","date_gmt":"2026-01-21T02:42:06","guid":{"rendered":"https:\/\/consoleland.sk\/?post_type=product&#038;p=1447"},"modified":"2026-01-22T16:02:06","modified_gmt":"2026-01-22T15:02:06","slug":"sony-access-controller","status":"publish","type":"product","link":"https:\/\/consoleland.sk\/?product=sony-access-controller","title":{"rendered":"SONY Access controller"},"content":{"rendered":"","protected":false},"excerpt":{"rendered":"","protected":false},"featured_media":1787,"comment_status":"open","ping_status":"closed","template":"","meta":{"_acf_changed":false,"_monsterinsights_skip_tracking":false,"_monsterinsights_sitenote_active":false,"_monsterinsights_sitenote_note":"","_monsterinsights_sitenote_category":0},"product_brand":[],"product_cat":[41],"product_tag":[],"class_list":{"0":"post-1447","1":"product","2":"type-product","3":"status-publish","4":"has-post-thumbnail","6":"product_cat-playstation","8":"first","9":"instock","10":"shipping-taxable","11":"purchasable","12":"product-type-simple"},"acf":[],"yoast_head":"<!-- This site is optimized with the Yoast SEO plugin v24.1 - https:\/\/yoast.com\/wordpress\/plugins\/seo\/ -->\n<title>SONY Access controller - consoleland.sk<\/title>\n<meta name=\"robots\" content=\"index, follow, max-snippet:-1, max-image-preview:large, max-video-preview:-1\" \/>\n<link rel=\"canonical\" href=\"https:\/\/consoleland.sk\/?product=sony-access-controller\" \/>\n<meta property=\"og:locale\" content=\"sk_SK\" \/>\n<meta property=\"og:type\" content=\"article\" \/>\n<meta property=\"og:title\" content=\"SONY Access controller - consoleland.sk\" \/>\n<meta property=\"og:url\" content=\"https:\/\/consoleland.sk\/?product=sony-access-controller\" \/>\n<meta property=\"og:site_name\" content=\"consoleland.sk\" \/>\n<meta property=\"article:modified_time\" content=\"2026-01-22T15:02:06+00:00\" \/>\n<meta property=\"og:image\" content=\"https:\/\/consoleland.sk\/wp-content\/uploads\/2026\/01\/Sony-access-scaled.webp\" \/>\n\t<meta property=\"og:image:width\" content=\"2560\" \/>\n\t<meta property=\"og:image:height\" content=\"2560\" \/>\n\t<meta property=\"og:image:type\" content=\"image\/webp\" \/>\n<meta name=\"twitter:card\" content=\"summary_large_image\" \/>\n<meta name=\"twitter:label1\" content=\"Predpokladan\u00fd \u010das \u010d\u00edtania\" \/>\n\t<meta name=\"twitter:data1\" content=\"1 min\u00fata\" \/>\n<script type=\"application\/ld+json\" class=\"yoast-schema-graph\">{\"@context\":\"https:\/\/schema.org\",\"@graph\":[{\"@type\":\"WebPage\",\"@id\":\"https:\/\/consoleland.sk\/?product=sony-access-controller\",\"url\":\"https:\/\/consoleland.sk\/?product=sony-access-controller\",\"name\":\"SONY Access controller - consoleland.sk\",\"isPartOf\":{\"@id\":\"https:\/\/consoleland.sk\/#website\"},\"primaryImageOfPage\":{\"@id\":\"https:\/\/consoleland.sk\/?product=sony-access-controller#primaryimage\"},\"image\":{\"@id\":\"https:\/\/consoleland.sk\/?product=sony-access-controller#primaryimage\"},\"thumbnailUrl\":\"https:\/\/consoleland.sk\/wp-content\/uploads\/2026\/01\/Sony-access-scaled.webp\",\"datePublished\":\"2026-01-21T02:42:06+00:00\",\"dateModified\":\"2026-01-22T15:02:06+00:00\",\"breadcrumb\":{\"@id\":\"https:\/\/consoleland.sk\/?product=sony-access-controller#breadcrumb\"},\"inLanguage\":\"sk-SK\",\"potentialAction\":[{\"@type\":\"ReadAction\",\"target\":[\"https:\/\/consoleland.sk\/?product=sony-access-controller\"]}]},{\"@type\":\"ImageObject\",\"inLanguage\":\"sk-SK\",\"@id\":\"https:\/\/consoleland.sk\/?product=sony-access-controller#primaryimage\",\"url\":\"https:\/\/consoleland.sk\/wp-content\/uploads\/2026\/01\/Sony-access-scaled.webp\",\"contentUrl\":\"https:\/\/consoleland.sk\/wp-content\/uploads\/2026\/01\/Sony-access-scaled.webp\",\"width\":2560,\"height\":2560},{\"@type\":\"BreadcrumbList\",\"@id\":\"https:\/\/consoleland.sk\/?product=sony-access-controller#breadcrumb\",\"itemListElement\":[{\"@type\":\"ListItem\",\"position\":1,\"name\":\"Home\",\"item\":\"https:\/\/consoleland.sk\/\"},{\"@type\":\"ListItem\",\"position\":2,\"name\":\"Obchod\",\"item\":\"https:\/\/consoleland.sk\/?page_id=1332\"},{\"@type\":\"ListItem\",\"position\":3,\"name\":\"SONY Access controller\"}]},{\"@type\":\"WebSite\",\"@id\":\"https:\/\/consoleland.sk\/#website\",\"url\":\"https:\/\/consoleland.sk\/\",\"name\":\"consoleland.sk\",\"description\":\"\",\"potentialAction\":[{\"@type\":\"SearchAction\",\"target\":{\"@type\":\"EntryPoint\",\"urlTemplate\":\"https:\/\/consoleland.sk\/?s={search_term_string}\"},\"query-input\":{\"@type\":\"PropertyValueSpecification\",\"valueRequired\":true,\"valueName\":\"search_term_string\"}}],\"inLanguage\":\"sk-SK\"}]}<\/script>\n<!-- \/ Yoast SEO plugin. -->","yoast_head_json":{"title":"SONY Access controller - consoleland.sk","robots":{"index":"index","follow":"follow","max-snippet":"max-snippet:-1","max-image-preview":"max-image-preview:large","max-video-preview":"max-video-preview:-1"},"canonical":"https:\/\/consoleland.sk\/?product=sony-access-controller","og_locale":"sk_SK","og_type":"article","og_title":"SONY Access controller - consoleland.sk","og_url":"https:\/\/consoleland.sk\/?product=sony-access-controller","og_site_name":"consoleland.sk","article_modified_time":"2026-01-22T15:02:06+00:00","og_image":[{"width":2560,"height":2560,"url":"https:\/\/consoleland.sk\/wp-content\/uploads\/2026\/01\/Sony-access-scaled.webp","type":"image\/webp"}],"twitter_card":"summary_large_image","twitter_misc":{"Predpokladan\u00fd \u010das \u010d\u00edtania":"1 min\u00fata"},"schema":{"@context":"https:\/\/schema.org","@graph":[{"@type":"WebPage","@id":"https:\/\/consoleland.sk\/?product=sony-access-controller","url":"https:\/\/consoleland.sk\/?product=sony-access-controller","name":"SONY Access controller - consoleland.sk","isPartOf":{"@id":"https:\/\/consoleland.sk\/#website"},"primaryImageOfPage":{"@id":"https:\/\/consoleland.sk\/?product=sony-access-controller#primaryimage"},"image":{"@id":"https:\/\/consoleland.sk\/?product=sony-access-controller#primaryimage"},"thumbnailUrl":"https:\/\/consoleland.sk\/wp-content\/uploads\/2026\/01\/Sony-access-scaled.webp","datePublished":"2026-01-21T02:42:06+00:00","dateModified":"2026-01-22T15:02:06+00:00","breadcrumb":{"@id":"https:\/\/consoleland.sk\/?product=sony-access-controller#breadcrumb"},"inLanguage":"sk-SK","potentialAction":[{"@type":"ReadAction","target":["https:\/\/consoleland.sk\/?product=sony-access-controller"]}]},{"@type":"ImageObject","inLanguage":"sk-SK","@id":"https:\/\/consoleland.sk\/?product=sony-access-controller#primaryimage","url":"https:\/\/consoleland.sk\/wp-content\/uploads\/2026\/01\/Sony-access-scaled.webp","contentUrl":"https:\/\/consoleland.sk\/wp-content\/uploads\/2026\/01\/Sony-access-scaled.webp","width":2560,"height":2560},{"@type":"BreadcrumbList","@id":"https:\/\/consoleland.sk\/?product=sony-access-controller#breadcrumb","itemListElement":[{"@type":"ListItem","position":1,"name":"Home","item":"https:\/\/consoleland.sk\/"},{"@type":"ListItem","position":2,"name":"Obchod","item":"https:\/\/consoleland.sk\/?page_id=1332"},{"@type":"ListItem","position":3,"name":"SONY Access controller"}]},{"@type":"WebSite","@id":"https:\/\/consoleland.sk\/#website","url":"https:\/\/consoleland.sk\/","name":"consoleland.sk","description":"","potentialAction":[{"@type":"SearchAction","target":{"@type":"EntryPoint","urlTemplate":"https:\/\/consoleland.sk\/?s={search_term_string}"},"query-input":{"@type":"PropertyValueSpecification","valueRequired":true,"valueName":"search_term_string"}}],"inLanguage":"sk-SK"}]}},"_links":{"self":[{"href":"https:\/\/consoleland.sk\/index.php?rest_route=\/wp\/v2\/product\/1447","targetHints":{"allow":["GET"]}}],"collection":[{"href":"https:\/\/consoleland.sk\/index.php?rest_route=\/wp\/v2\/product"}],"about":[{"href":"https:\/\/consoleland.sk\/index.php?rest_route=\/wp\/v2\/types\/product"}],"replies":[{"embeddable":true,"href":"https:\/\/consoleland.sk\/index.php?rest_route=%2Fwp%2Fv2%2Fcomments&post=1447"}],"wp:featuredmedia":[{"embeddable":true,"href":"https:\/\/consoleland.sk\/index.php?rest_route=\/wp\/v2\/media\/1787"}],"wp:attachment":[{"href":"https:\/\/consoleland.sk\/index.php?rest_route=%2Fwp%2Fv2%2Fmedia&parent=1447"}],"wp:term":[{"taxonomy":"product_brand","embeddable":true,"href":"https:\/\/consoleland.sk\/index.php?rest_route=%2Fwp%2Fv2%2Fproduct_brand&post=1447"},{"taxonomy":"product_cat","embeddable":true,"href":"https:\/\/consoleland.sk\/index.php?rest_route=%2Fwp%2Fv2%2Fproduct_cat&post=1447"},{"taxonomy":"product_tag","embeddable":true,"href":"https:\/\/consoleland.sk\/index.php?rest_route=%2Fwp%2Fv2%2Fproduct_tag&post=1447"}],"curies":[{"name":"wp","href":"https:\/\/api.w.org\/{rel}","templated":true}]}}